 of u?
2, 281
Let h(u) = u**2 - 11*u - 1. Let r be h(11). Let l(a) = -3*a + 1. Let y be l(r). Suppose 0 = -k - 2*x + 59, 0*k + 57 = k + y*x. What are the prime factors of k?
61
Let g = -222 + 224. Suppose -4*u + v = -30, 24 = 4*u + v + v. Let m = u - g. List the prime factors of m.
5
Suppose -4*q + m = -18, 3*m - 2 = -0*q - 2*q. Suppose -q*d + 2*f + 28 = 0, d + 22 = 4*d - 2*f. What are the prime factors of 8/d*(-210)/(-20)?
2, 7
Suppose 5*l - q - 176 = 1955, 0 = 2*q - 8. Suppose 0 = 5*a - l + 62. Let c = a + -36. List the prime factors of c.
37
Let w(z) = -z**3 - 9*z**2 + 17*z - 14. What are the prime factors of w(-14)?
2, 7, 13
Suppose 0 = 2*n + 3*m - 910, -9*n + 930 = -7*n - 2*m. List the prime factors of n.
461
Let g(s) = 6*s + 27. Let b be g(-4). Suppose -u + 5 = 3*z - z, z - 5*u = 19. Suppose v + 199 = b*m + 5*v, z*m - 236 = 2*v. List the prime factors of m.
61
Let r(g) = -11*g**2 + 2*g + 4. Let j be r(-3). Let y = -43 - j. List the prime factors of y.
2, 29
Let k(r) = 3*r**2 + r - 9. Let v(o) = -7*o**3 - o + 2. Let w be v(1). What are the prime factors of k(w)?
3, 31
Suppose -117*u + 29*u = -257136. What are the prime factors of u?
2, 3, 487
Let u = -25 - -34. Let o(f) = f**3 - 8*f**2 - 1. List the prime factors of o(u).
2, 5
Suppose -3*b + 0*k + 3900 = 3*k, -5*b = 4*k - 6498. What are the prime factors of b?
2, 11, 59
Let k(d) = -95*d**3 + d. Let l be k(-1). Let j = l - 7. What are the prime factors of j?
3, 29
Suppose 4*b = 3*b + 26. Let w = -22 + b. Let m = -1 + w. List the prime factors of m.
3
Let g(j) = -j**3 + 9*j**2 + 12*j - 8. Suppose -q - 1 + 10 = 0. Let m be g(q). Suppose 10 - m = -5*b. What are the prime factors of b?
2, 3
Suppose 4*z = -g + 16, -3*g + 2*g + 17 = 5*z. Let l be (-39)/g*(-1 - 3). Suppose l = 4*q - 3*q. List the prime factors of q.
13
List the prime factors of (-12767)/(-3) - 120/180.
5, 23, 37
Suppose 0*l = 3*l + 90. Suppose u + 47 = 4. Let p = l - u. List the prime factors of p.
13
Let q(m) = m**3 - 9*m**2 + 5*m - 5. Let t be 1 + 4 + -4 + -3. Let a = 7 - t. What are the prime factors of q(a)?
2, 5
Let s(i) = 3*i**2 + 1. Let m(t) = -3*t - 8. Let b be m(-4). Let r be 1*-1*(b - 5). List the prime factors of s(r).
2
Let a(i) = 2*i**2 + 6*i - 14. Let y be (4 - (-28)/(-8))*-12. List the prime factors of a(y).
2, 11
List the prime factors of (4/(-3 - -1))/((-22)/1419).
3, 43
Let y = 0 + 0. Let h = -69 + 72. Suppose 0 = -2*x - h*z - z + 26, -4*x - 4*z + 72 = y. What are the prime factors of x?
23
Let m(f) = -2*f**2 - 11*f + 10. Let i be m(-7). Let o = 18 - i. Suppose -3*b = -58 - o. List the prime factors of b.
29
Suppose -3*m - 10 = 5*n, 0*n + 5*m = -3*n - 22. Let f = -5 + n. List the prime factors of 2 - (f - 1) - -1.
2
Suppose 5*o + 2 = h + 49, -15 = -5*h. Suppose -12 = 6*b - o*b. What are the prime factors of b?
3
Let o(d) = 53*d + 7. List the prime factors of o(9).
2, 11
Let p(k) = -491*k - 1592. List the prime factors of p(-10).
2, 3, 7, 79
Suppose g = -5*n + 80 + 7711, n - 1551 = -2*g. What are the prime factors of n?
1559
Let r(t) = -2*t**3 - 7*t**2 + 4*t - 5. Let z be r(-6). Suppose 5*d = -2*m + 673, 3*m - 688 = -4*d - z. List the prime factors of d.
3, 5
Suppose -5*a + 5 = 4*v, -2*a + 0 = 6. Suppose 2*r + 125 = v*b, -5*b - 5*r + 75 = -2*b. What are the prime factors of b?
5
Let k be 9/(-12)*-2*2. What are the prime factors of (-6 + k)/((-3)/71)?
71
Let y be 64/12*(-9)/6. Let h = 91 + y. List the prime factors of h.
83
Suppose 5*l = -v - 12 - 2, 4*l = 5*v - 17. Suppose 2*s = -159 + v. Let h = s + 114. List the prime factors of h.
5, 7
Let v = -1960 - -5068. List the prime factors of v.
2, 3, 7, 37
Let c(v) = v + 9. Let s be c(-8). What are the prime factors of -4 + 1 + 49 + s?
47
Let l = 7 - -17. List the prime factors of ((-1328)/l)/((-4)/6).
83
Suppose -22*u = -39*u + 22066. List the prime factors of u.
2, 11, 59
Let b = -10 - -14. Let r(x) = x**2 - 5*x + 4. Let s be r(b). Suppose s = -0*o - 4*o + 40. What are the prime factors of o?
2, 5
Suppose 50884 - 10924 = 15*q. What are the prime factors of q?
2, 3, 37
Let j(s) = -50*s + 37. Let z be j(-11). Suppose -4*i + z = -117. What are the prime factors of i?
2, 11
What are the prime factors of (-3734)/(-8) - 12/(-48) - -1?
2, 3, 13
Let r = -217 + 786. List the prime factors of r.
569
Let y(c) = c**2 + 6*c + 3. Let t be y(-4). List the prime factors of (-3)/15 + (-476)/t.
5, 19
Let v(x) = x**3 + 15*x**2 - 39*x + 10. Suppose 4*k + k = -85. List the prime factors of v(k).
5, 19
Suppose 28*c - 2421 = 26*c - 5*g, -3*g = -c + 1194. List the prime factors of c.
3, 401
Let w(z) = -z**2 - 7*z - 4. Let s be w(-5). List the prime factors of 2/s - (-596)/12.
2, 5
Let x = 6668 + -4014. List the prime factors of x.
2, 1327
Let s(f) = 13 - 3*f**3 - 8*f**3 + 2*f**2 - 2*f - 16 - 5*f**2. What are the prime factors of s(-2)?
7, 11
Suppose w = 2*s + 339, -6 = 3*s + 6. Let k = -191 + w. List the prime factors of k.
2, 5, 7
Let t(w) = 21*w - 6. What are the prime factors of t(36)?
2, 3, 5
Suppose -3*r - 366 = 3*r. Let i = r - -175. What are the prime factors of i?
2, 3, 19
Let p = 6 + -25. What are the prime factors of (-9)/6 - p/2?
2
Suppose -4*l - 2*g = -12, l - 21 = g + 3*g. Suppose -l = -5*k + 3*j, 2*k + 2*j + 2*j + 24 = 0. What are the prime factors of ((-30)/(-4) - k)*4?
2, 19
Let g(v) = -v**2 - 11*v + 3. Let a be g(-11). List the prime factors of (a/(12/116))/1.
29
Let t(p) = p**2 + 4*p - 8. Let k be t(-7). Let n(w) = w**2 - 5*w - 35. Let h be n(7). Let m = k - h. List the prime factors of m.
2, 17
List the prime factors of ((-2873)/34)/((-1)/((-60)/(-3))).
2, 5, 13
Let m(l) = l**2 + 27*l + 49. What are the prime factors of m(-29)?
107
Let m(r) = 13 - r**2 - 2*r + r + 1. Let y = 58 - 58. What are the prime factors of m(y)?
2, 7
Let n = -38 - -90. Let a = n + -38. List the prime factors of a.
2, 7
Let g be 2 - 0/5 - -183. Suppose 11 = -z + g. What are the prime factors of z?
2, 3, 29
Let z(u) = u**2 - 31*u - 176. What are the prime factors of z(62)?
2, 3, 97
Let k = 109 - 25. Let d = 124 - k. What are the prime factors of d?
2, 5
Let m be (12 + 12)*10/4. Let p be (1/(-2))/(3/m). List the prime factors of (p/4)/(1/(-2)).
5
Let b(x) be the third derivative of -x**6/120 + x**5/10 + 3*x**4/8 + x**3/2 + 7*x**2. What are the prime factors of b(6)?
3, 19
Let f = -10 + 21. Let m(a) = -a**3 + 4*a - 8*a**2 + a**2 - f + 4*a**2. What are the prime factors of m(-5)?
19
Suppose 63 + 257 = -2*s + 2*n, 166 = -s + 3*n. Let c = 291 + s. List the prime factors of c.
2, 67
Suppose 5*i + 17 = -3*c + 104, 5*i = -2*c + 83. Suppose -6*j + i = -3*j. Suppose 4*m + 30 = 4*k + 2*m, 2*k + j*m + 15 = 0. List the prime factors of k.
5
Let h = 1298 + -30. What are the prime factors of h?
2, 317
Suppose -3*r + 15 = -4*v - 0*v, 15 = 3*r + 4*v. List the prime factors of (1/(-2))/(-3*r/570).
19
Suppose 0 = 5*m - 2*g - 2241, -2*m + 3*g + 519 = -384. List the prime factors of m.
3, 149
Let d = -20 + 42. Suppose -a = -4*y - 21, 0 = a - 4*a - 5*y - d. List the prime factors of 37 - a/4*4.
2, 3
Suppose 2*w = -2*u - 50, u + 2*w = 2*u + 37. Let f = u + 31. What are the prime factors of 72 + (-15)/(-7 + f)?
3, 5
Let o(k) be the first derivative of -k**5/60 + 3*k**4/8 - k**3/3 + 3*k**2/2 - 1. Let j(w) be the second derivative of o(w). List the prime factors of j(6).
2
Suppose -2*a + 300 = -314. List the prime factors of a.
307
Let k(s) = s**3 + 2*s**2 - 2*s + 32. Let w = -39 + 39. List the prime factors of k(w).
2
Let c(i) = 11*i + 63. Let p be (7 + -5)*10 + 1. What are the prime factors of c(p)?
2, 3, 7
Let w be (-1 + 6)*(-1 - -2). Suppose o + w = 0, p - 12 = -4*o + 19. List the prime factors of p.
3, 17
Let v(a) = 53*a - 18. Suppose -14*j + 17*j - 15 = 0. List the prime factors of v(j).
13, 19
Let p be (-4020)/(-12) - (0 + -1 - -4). Let x = 487 - p. List the prime factors of x.
5, 31
Let m = -63 + 53. Let g(y) = -y**3 - 10*y**2 - 2*y - 9. List the prime factors of g(m).
11
Suppose -5*l - 4*u = -796, 5*l - l - 5*u = 604. Suppose 0 = 4*v - l - 196. Suppose -4*d + c + 14 = -58, 0 = -4*d - 3*c + v. What are the prime factors of d?
19
Let s = -49 + 59. Let n = s - -15. List the prime factors of n.
5
Let d be (45 - -2)/((-1)/2). Let n = d + 134. Suppose -n = -3*r + 56. What are the prime factors of r?
2
What are the pr